{"id":25,"date":"2018-02-11T17:47:53","date_gmt":"2018-02-11T17:47:53","guid":{"rendered":"http:\/\/www.pelosnails.com\/?page_id=25"},"modified":"2025-01-19T11:49:41","modified_gmt":"2025-01-19T11:49:41","slug":"foto","status":"publish","type":"page","link":"https:\/\/pelosnails.com\/index.php\/foto\/","title":{"rendered":"Instalaciones"},"content":{"rendered":"\r\n<figure class=\"wp-block-gallery has-nested-images columns-1 wp-block-gallery-1 is-layout-flex wp-block-gallery-is-layout-flex\">\r\n<figure class=\"wp-block-image size-large is-style-default\"><img loading=\"lazy\" decoding=\"async\" width=\"1024\" height=\"497\" data-id=\"900\" src=\"https:\/\/pelosnails.com\/wp-content\/uploads\/2025\/01\/pelugeneral1W-1024x497.jpg\" alt=\"Sal\u00f3n de belleza contempor\u00e1neo con puestos de trabajo en isla, equipados con tocadores Zen-IV New en blanco con encimera de cristal de Vezzosi. El espacio cuenta con cuatro elegantes sillones Uma de Vezzosi y pr\u00e1cticos carros auxiliares modelo Elogy de Ceriotti, dise\u00f1ados para optimizar la experiencia de estilismo. Adem\u00e1s, un termoactivador FX4000 Digital Turbo en negro con pie de Ceriotti complementa el equipamiento profesional. La iluminaci\u00f3n de alta calidad de Philips realza el ambiente, ofreciendo un entorno luminoso y acogedor en Pelos&amp;Nails en Monfortte de Lemos 27400 Lugo.\" class=\"wp-image-900\" srcset=\"https:\/\/pelosnails.com\/wp-content\/uploads\/2025\/01\/pelugeneral1W-1024x497.jpg 1024w, https:\/\/pelosnails.com\/wp-content\/uploads\/2025\/01\/pelugeneral1W-300x146.jpg 300w, https:\/\/pelosnails.com\/wp-content\/uploads\/2025\/01\/pelugeneral1W-768x373.jpg 768w, https:\/\/pelosnails.com\/wp-content\/uploads\/2025\/01\/pelugeneral1W-1536x746.jpg 1536w, https:\/\/pelosnails.com\/wp-content\/uploads\/2025\/01\/pelugeneral1W.jpg 1600w\" sizes=\"auto, (max-width: 1024px) 100vw, 1024px\" \/><\/figure>\r\n<\/figure>\r\n\r\n\r\n\r\n<div class=\"wp-block-group\"><div class=\"wp-block-group__inner-container is-layout-constrained wp-block-group-is-layout-constrained\">\r\n<div class=\"wp-block-columns are-vertically-aligned-top is-layout-flex wp-container-core-columns-is-layout-9d6595d7 wp-block-columns-is-layout-flex\">\r\n<div class=\"wp-block-column is-vertically-aligned-top is-layout-flow wp-block-column-is-layout-flow\" style=\"flex-basis:100%\">\r\n<figure class=\"wp-block-gallery has-nested-images columns-default is-cropped wp-block-gallery-2 is-layout-flex wp-block-gallery-is-layout-flex\">\r\n<figure class=\"wp-block-image size-large is-style-default\"><img loading=\"lazy\" decoding=\"async\" width=\"497\" height=\"1024\" data-id=\"901\" src=\"https:\/\/pelosnails.com\/wp-content\/uploads\/2025\/01\/tocador_1W-497x1024.jpg\" alt=\"Sal\u00f3n de belleza contempor\u00e1neo con puestos de trabajo en isla, equipados con tocadores Zen-IV New en blanco con encimera de cristal de Vezzosi. El espacio cuenta con cuatro elegantes sillones Uma de Vezzosi y secadores Parlux \u00faltimo modelo DIGITALYON, dise\u00f1ados para optimizar la experiencia de estilismo. Adem\u00e1s, un termoactivador FX4000 Digital Turbo en negro con pie de Ceriotti complementa el equipamiento profesional. TPV BBVA, La iluminaci\u00f3n de alta calidad de Philips realza el ambiente, ofreciendo un entorno luminoso y acogedor en Pelos&amp;Nails en Monforte de Lemos 27400 Lugo.\" class=\"wp-image-901\" srcset=\"https:\/\/pelosnails.com\/wp-content\/uploads\/2025\/01\/tocador_1W-497x1024.jpg 497w, https:\/\/pelosnails.com\/wp-content\/uploads\/2025\/01\/tocador_1W-146x300.jpg 146w, https:\/\/pelosnails.com\/wp-content\/uploads\/2025\/01\/tocador_1W-768x1581.jpg 768w, https:\/\/pelosnails.com\/wp-content\/uploads\/2025\/01\/tocador_1W-746x1536.jpg 746w, https:\/\/pelosnails.com\/wp-content\/uploads\/2025\/01\/tocador_1W.jpg 777w\" sizes=\"auto, (max-width: 497px) 100vw, 497px\" \/><\/figure>\r\n\r\n\r\n\r\n<figure class=\"wp-block-image size-large is-style-default\"><img loading=\"lazy\" decoding=\"async\" width=\"497\" height=\"1024\" data-id=\"899\" src=\"https:\/\/pelosnails.com\/wp-content\/uploads\/2025\/01\/mostradorw-497x1024.jpg\" alt=\"Recepci\u00f3n de sal\u00f3n de belleza Pelos&amp;Nails en Monforte de Lemos (Lugo). Elegante y acogedora recepci\u00f3n, con un sill\u00f3n sof\u00e1 de espera SAM+JAY en piel, que ofrece comodidad y estilo. Una mesa de cristal tallado para revistas a\u00f1ade un toque sofisticado, mientras una estanter\u00eda elegante exhibe productos de la marca Wella y L'Or\u00e9al Paris. El mostrador blanco curvo de gran calidad destaca por su dise\u00f1o moderno y funcional. Creando una atm\u00f3sfera luminosa y c\u00e1lida para los clientes..\" class=\"wp-image-899\" srcset=\"https:\/\/pelosnails.com\/wp-content\/uploads\/2025\/01\/mostradorw-497x1024.jpg 497w, https:\/\/pelosnails.com\/wp-content\/uploads\/2025\/01\/mostradorw-146x300.jpg 146w, https:\/\/pelosnails.com\/wp-content\/uploads\/2025\/01\/mostradorw-768x1581.jpg 768w, https:\/\/pelosnails.com\/wp-content\/uploads\/2025\/01\/mostradorw-746x1536.jpg 746w, https:\/\/pelosnails.com\/wp-content\/uploads\/2025\/01\/mostradorw.jpg 777w\" sizes=\"auto, (max-width: 497px) 100vw, 497px\" \/><\/figure>\r\n<\/figure>\r\n<\/div>\r\n<\/div>\r\n<\/div><\/div>\r\n","protected":false},"excerpt":{"rendered":"","protected":false},"author":1,"featured_media":0,"parent":0,"menu_order":0,"comment_status":"closed","ping_status":"closed","template":"","meta":{"_uag_custom_page_level_css":"","advgb_blocks_editor_width":"","advgb_blocks_columns_visual_guide":"","footnotes":""},"class_list":["post-25","page","type-page","status-publish","hentry"],"uagb_featured_image_src":{"full":false,"thumbnail":false,"medium":false,"medium_large":false,"large":false,"1536x1536":false,"2048x2048":false,"consulting-thinkup-column1-1\/4":false,"consulting-thinkup-column3-2\/3":false},"uagb_author_info":{"display_name":"pelosnails","author_link":"https:\/\/pelosnails.com\/index.php\/author\/pelosnails\/"},"uagb_comment_info":0,"uagb_excerpt":null,"coauthors":[],"author_meta":{"author_link":"https:\/\/pelosnails.com\/index.php\/author\/pelosnails\/","display_name":"pelosnails"},"relative_dates":{"created":"Publicado 8 a\u00f1os hace","modified":"Actualizado 1 a\u00f1o hace"},"absolute_dates":{"created":"Publicado el 11 febrero, 2018","modified":"Actualizado el 19 enero, 2025"},"absolute_dates_time":{"created":"Publicado el 11 febrero, 2018 5:47 pm","modified":"Actualizado el 19 enero, 2025 11:49 am"},"featured_img_caption":"","featured_img":false,"series_order":"","_links":{"self":[{"href":"https:\/\/pelosnails.com\/index.php\/wp-json\/wp\/v2\/pages\/25","targetHints":{"allow":["GET"]}}],"collection":[{"href":"https:\/\/pelosnails.com\/index.php\/wp-json\/wp\/v2\/pages"}],"about":[{"href":"https:\/\/pelosnails.com\/index.php\/wp-json\/wp\/v2\/types\/page"}],"author":[{"embeddable":true,"href":"https:\/\/pelosnails.com\/index.php\/wp-json\/wp\/v2\/users\/1"}],"replies":[{"embeddable":true,"href":"https:\/\/pelosnails.com\/index.php\/wp-json\/wp\/v2\/comments?post=25"}],"version-history":[{"count":13,"href":"https:\/\/pelosnails.com\/index.php\/wp-json\/wp\/v2\/pages\/25\/revisions"}],"predecessor-version":[{"id":1985,"href":"https:\/\/pelosnails.com\/index.php\/wp-json\/wp\/v2\/pages\/25\/revisions\/1985"}],"wp:attachment":[{"href":"https:\/\/pelosnails.com\/index.php\/wp-json\/wp\/v2\/media?parent=25"}],"curies":[{"name":"wp","href":"https:\/\/api.w.org\/{rel}","templated":true}]}}