{"id":811,"date":"2025-01-07T18:44:55","date_gmt":"2025-01-07T18:44:55","guid":{"rendered":"https:\/\/pelosnails.com\/?page_id=811"},"modified":"2025-01-20T17:08:00","modified_gmt":"2025-01-20T17:08:00","slug":"servicios","status":"publish","type":"page","link":"https:\/\/pelosnails.com\/index.php\/servicios\/","title":{"rendered":"Servicios"},"content":{"rendered":"\n<div class=\"wp-block-group\"><div class=\"wp-block-group__inner-container is-layout-constrained wp-block-group-is-layout-constrained\">\n<p class=\"ex7 colorgris\"><strong>Pelos&amp;Nails<\/strong> en Monforte de Lemos te ofrece una amplia gama de servicios de belleza pensados para satisfacer todas tus necesidades y cuidar de tu imagen con lo \u00faltimo en tendencias y tratamientos. Nuestro objetivo es brindarte una experiencia \u00fanica y personalizada, con un equipo de expertos en est\u00e9tica que te ayudar\u00e1 a realzar tu belleza natural. Desde cortes de cabello hasta manicuras y mucho m\u00e1s, en <strong>Pelos&amp;Nails<\/strong> siempre encontrar\u00e1s lo que necesitas para sentirte incre\u00edble. \u00a1No esperes m\u00e1s! Reserva tu cita con nosotros y descubre todo lo que podemos hacer por ti.<\/p>\n<\/div><\/div>\n\n\n\n<hr class=\"wp-block-separator has-alpha-channel-opacity wp_mar5\"\/>\n\n\n\n<p class=\"colormenutexcrem ex5 has-medium-font-size\" style=\"text-decoration:none\">Peluqueria<\/p>\n\n\n\n<hr class=\"wp-block-separator has-alpha-channel-opacity wp_mar5\"\/>\n\n\n\n<div class=\"wp-block-columns is-layout-flex wp-container-core-columns-is-layout-9d6595d7 wp-block-columns-is-layout-flex\">\n<div class=\"wp-block-column is-layout-flow wp-block-column-is-layout-flow\" style=\"flex-basis:50.01%\">\n<figure class=\"wp-block-gallery has-nested-images columns-default is-cropped wp-block-gallery-1 is-layout-flex wp-block-gallery-is-layout-flex\">\n<figure class=\"wp-block-image size-large\"><a href=\"https:\/\/pelosnails.com\/index.php\/peluqueria\/\"><img loading=\"lazy\" decoding=\"async\" width=\"1024\" height=\"683\" data-id=\"823\" src=\"https:\/\/pelosnails.com\/wp-content\/uploads\/2025\/01\/woman-hairdresser-salon-1024x683.jpg\" alt=\"Una joven disfrutando de un relajante lavado de cabeza en nuestro sal\u00f3n de belleza, con atenci\u00f3n profesional y cuidado personalizado para su cabello\" class=\"wp-image-823\" srcset=\"https:\/\/pelosnails.com\/wp-content\/uploads\/2025\/01\/woman-hairdresser-salon-1024x683.jpg 1024w, https:\/\/pelosnails.com\/wp-content\/uploads\/2025\/01\/woman-hairdresser-salon-300x200.jpg 300w, https:\/\/pelosnails.com\/wp-content\/uploads\/2025\/01\/woman-hairdresser-salon-768x512.jpg 768w, https:\/\/pelosnails.com\/wp-content\/uploads\/2025\/01\/woman-hairdresser-salon-1536x1024.jpg 1536w, https:\/\/pelosnails.com\/wp-content\/uploads\/2025\/01\/woman-hairdresser-salon.jpg 1600w\" sizes=\"auto, (max-width: 1024px) 100vw, 1024px\" \/><\/a><\/figure>\n<\/figure>\n\n\n\n<figure class=\"wp-block-gallery has-nested-images columns-default is-cropped wp-block-gallery-2 is-layout-flex wp-block-gallery-is-layout-flex\">\n<figure class=\"wp-block-image size-large\"><a href=\"https:\/\/pelosnails.com\/index.php\/peluqueria\/\"><img loading=\"lazy\" decoding=\"async\" width=\"681\" height=\"1024\" data-id=\"847\" src=\"https:\/\/pelosnails.com\/wp-content\/uploads\/2025\/01\/woman-getting-her-hair-washed-beauty-salon-681x1024.jpg\" alt=\"chica que est\u00e1 llevando a cabo lavado de cabeza, Pelos&amp;Nails \" class=\"wp-image-847\" srcset=\"https:\/\/pelosnails.com\/wp-content\/uploads\/2025\/01\/woman-getting-her-hair-washed-beauty-salon-681x1024.jpg 681w, https:\/\/pelosnails.com\/wp-content\/uploads\/2025\/01\/woman-getting-her-hair-washed-beauty-salon-200x300.jpg 200w, https:\/\/pelosnails.com\/wp-content\/uploads\/2025\/01\/woman-getting-her-hair-washed-beauty-salon-768x1155.jpg 768w, https:\/\/pelosnails.com\/wp-content\/uploads\/2025\/01\/woman-getting-her-hair-washed-beauty-salon.jpg 798w\" sizes=\"auto, (max-width: 681px) 100vw, 681px\" \/><\/a><\/figure>\n\n\n\n<figure class=\"wp-block-image size-large\"><a href=\"https:\/\/pelosnails.com\/index.php\/peluqueria\/\"><img loading=\"lazy\" decoding=\"async\" width=\"1024\" height=\"415\" data-id=\"147\" src=\"https:\/\/pelosnails.com\/wp-content\/uploads\/2018\/02\/slider3-1024x415.jpg\" alt=\"Preciosa mujer realzando la belleza de sus pelo. Pelos&amp;Nails, donde cada detalle cuenta para destacar tu estilo \u00fanico.\" class=\"wp-image-147\" srcset=\"https:\/\/pelosnails.com\/wp-content\/uploads\/2018\/02\/slider3-1024x415.jpg 1024w, https:\/\/pelosnails.com\/wp-content\/uploads\/2018\/02\/slider3-300x122.jpg 300w, https:\/\/pelosnails.com\/wp-content\/uploads\/2018\/02\/slider3-768x312.jpg 768w, https:\/\/pelosnails.com\/wp-content\/uploads\/2018\/02\/slider3.jpg 1400w\" sizes=\"auto, (max-width: 1024px) 100vw, 1024px\" \/><\/a><\/figure>\n<\/figure>\n<\/div>\n\n\n\n<div class=\"wp-block-column is-layout-flow wp-block-column-is-layout-flow\" style=\"flex-basis:60%\">\n<p style=\"text-align: justify;\"><span style=\"line-height: 1.679;\"><strong>Descubre el arte de transformar tu look<\/strong> con la ayuda de nuestros estilistas profesionales, siempre a la vanguardia de las \u00faltimas tendencias y <em><strong>t\u00e9cnicas en cortes<\/strong><\/em>, <strong><em>peinados<\/em><\/strong> y <em><strong>coloraci\u00f3n<\/strong><\/em>. Ya sea que prefieras un estilo cl\u00e1sico, un toque moderno o un cambio radical, nuestro objetivo es brindarte una experiencia \u00fanica, completamente personalizada y adaptada a tus deseos. Utilizamos solo productos de alta calidad y tecnolog\u00eda avanzada, para que tu cabello no solo luzca impresionante, sino que tambi\u00e9n se mantenga saludable y lleno de vitalidad. Ven y disfruta de un servicio excepcional en un ambiente relajado y exclusivo, donde cada detalle est\u00e1 pensado para que te sientas renovado\/a, confiado\/a y listo\/a para brillar.<\/span><\/p>\n<\/div>\n<\/div>\n\n\n\n<hr class=\"wp-block-separator has-alpha-channel-opacity wp_mar5\"\/>\n\n\n\n<p class=\"colormenutexcrem ex5 has-medium-font-size\" style=\"text-decoration: none;\">Estetica<\/p>\n\n\n\n<hr class=\"wp-block-separator has-alpha-channel-opacity wp_mar5\"\/>\n\n\n\n<div class=\"wp-block-columns is-layout-flex wp-container-core-columns-is-layout-9d6595d7 wp-block-columns-is-layout-flex\">\n<div class=\"wp-block-column is-layout-flow wp-block-column-is-layout-flow\" style=\"flex-basis:70%\">\n<p><strong>Un lugar dedicado a tu bienestar y belleza.<\/strong><\/p>\n<p style=\"text-align: justify;\"><span style=\"line-height: 1.679;\"> En Pelos&amp;Nails, creemos que la belleza exterior comienza con el cuidado interior. Por eso, ofrecemos una experiencia integral dise\u00f1ada para resaltar lo mejor de ti, utilizando t\u00e9cnicas avanzadas, productos de alta calidad y la atenci\u00f3n personalizada que mereces.<\/span><\/p>\n<h4><strong>Nuestros servicios exclusivos incluyen:<\/strong><\/h4>\n<ul>\n<li><strong>Manicura y pedicura:<\/strong> desde los estilos cl\u00e1sicos hasta dise\u00f1os modernos y sofisticados.<\/li>\n<li><strong>Maquillaje profesional:<\/strong> para eventos especiales o para un look diario impecable.<\/li>\n<\/ul>\n<p>&nbsp;<\/p>\n\n\n<\/div>\n\n\n\n<div class=\"wp-block-column is-layout-flow wp-block-column-is-layout-flow\" style=\"flex-basis:50%\">\n<figure class=\"wp-block-gallery has-nested-images columns-default is-cropped wp-block-gallery-3 is-layout-flex wp-block-gallery-is-layout-flex\"><div class=\"wp-block-image\">\n<figure class=\"alignleft size-full\"><img loading=\"lazy\" decoding=\"async\" width=\"1005\" height=\"910\" data-id=\"1202\" src=\"https:\/\/pelosnails.com\/wp-content\/uploads\/2025\/01\/MECHAS1005.jpg\" alt=\"Tres mujeres luciendo mechas espectaculares, con estilos personalizados que destacan su elegancia y personalidad \u00fanica. Pelos&amp;Nails\" class=\"wp-image-1202\" srcset=\"https:\/\/pelosnails.com\/wp-content\/uploads\/2025\/01\/MECHAS1005.jpg 1005w, https:\/\/pelosnails.com\/wp-content\/uploads\/2025\/01\/MECHAS1005-300x272.jpg 300w, https:\/\/pelosnails.com\/wp-content\/uploads\/2025\/01\/MECHAS1005-768x695.jpg 768w\" sizes=\"auto, (max-width: 1005px) 100vw, 1005px\" \/><\/figure><\/div><\/figure>\n<\/div>\n<\/div>\n\n\n\n<hr class=\"wp-block-separator has-alpha-channel-opacity wp_mar5\"\/>\n\n\n\n<p class=\"colormenutexcrem ex5 has-medium-font-size\" style=\"text-decoration: none;\">Tratamientos<\/p>\n\n\n\n<hr class=\"wp-block-separator has-alpha-channel-opacity wp_mar5\"\/>\n\n\n\n<div class=\"wp-block-columns is-layout-flex wp-container-core-columns-is-layout-9d6595d7 wp-block-columns-is-layout-flex\">\n<div class=\"wp-block-column is-layout-flow wp-block-column-is-layout-flow\" style=\"flex-basis:50%\">\n<figure class=\"wp-block-gallery has-nested-images columns-default is-cropped wp-block-gallery-4 is-layout-flex wp-block-gallery-is-layout-flex\">\n<figure class=\"wp-block-image size-large\"><img loading=\"lazy\" decoding=\"async\" width=\"600\" height=\"407\" data-id=\"452\" src=\"https:\/\/pelosnails.com\/wp-content\/uploads\/2018\/03\/49b772351f3e0686e4b68736567d2057a36c0699.XL2_.jpg\" alt=\"Peinamos y tratamos tu cabello en Monforte de Lemos\" class=\"wp-image-452\" srcset=\"https:\/\/pelosnails.com\/wp-content\/uploads\/2018\/03\/49b772351f3e0686e4b68736567d2057a36c0699.XL2_.jpg 600w, https:\/\/pelosnails.com\/wp-content\/uploads\/2018\/03\/49b772351f3e0686e4b68736567d2057a36c0699.XL2_-300x204.jpg 300w\" sizes=\"auto, (max-width: 600px) 100vw, 600px\" \/><\/figure>\n\n\n\n<figure class=\"wp-block-image size-large\"><img loading=\"lazy\" decoding=\"async\" width=\"1024\" height=\"683\" data-id=\"823\" src=\"https:\/\/pelosnails.com\/wp-content\/uploads\/2025\/01\/woman-hairdresser-salon-1024x683.jpg\" alt=\"Lavado y peinado Pelos&amp;Nails\" class=\"wp-image-823\" srcset=\"https:\/\/pelosnails.com\/wp-content\/uploads\/2025\/01\/woman-hairdresser-salon-1024x683.jpg 1024w, https:\/\/pelosnails.com\/wp-content\/uploads\/2025\/01\/woman-hairdresser-salon-300x200.jpg 300w, https:\/\/pelosnails.com\/wp-content\/uploads\/2025\/01\/woman-hairdresser-salon-768x512.jpg 768w, https:\/\/pelosnails.com\/wp-content\/uploads\/2025\/01\/woman-hairdresser-salon-1536x1024.jpg 1536w, https:\/\/pelosnails.com\/wp-content\/uploads\/2025\/01\/woman-hairdresser-salon.jpg 1600w\" sizes=\"auto, (max-width: 1024px) 100vw, 1024px\" \/><\/figure>\n\n\n\n<figure class=\"wp-block-image size-large\"><img loading=\"lazy\" decoding=\"async\" width=\"681\" height=\"1024\" data-id=\"847\" src=\"https:\/\/pelosnails.com\/wp-content\/uploads\/2025\/01\/woman-getting-her-hair-washed-beauty-salon-681x1024.jpg\" alt=\"Monforte de Lemos Sal\u00f3n de Belleza\" class=\"wp-image-847\" srcset=\"https:\/\/pelosnails.com\/wp-content\/uploads\/2025\/01\/woman-getting-her-hair-washed-beauty-salon-681x1024.jpg 681w, https:\/\/pelosnails.com\/wp-content\/uploads\/2025\/01\/woman-getting-her-hair-washed-beauty-salon-200x300.jpg 200w, https:\/\/pelosnails.com\/wp-content\/uploads\/2025\/01\/woman-getting-her-hair-washed-beauty-salon-768x1155.jpg 768w, https:\/\/pelosnails.com\/wp-content\/uploads\/2025\/01\/woman-getting-her-hair-washed-beauty-salon.jpg 798w\" sizes=\"auto, (max-width: 681px) 100vw, 681px\" \/><\/figure>\n\n\n\n<figure class=\"wp-block-image size-large\"><img loading=\"lazy\" decoding=\"async\" width=\"850\" height=\"566\" data-id=\"1211\" src=\"https:\/\/pelosnails.com\/wp-content\/uploads\/2025\/01\/PEINA850.jpg\" alt=\"Una mujer radiante luciendo un corte moderno y elegante, dise\u00f1ado para resaltar su belleza natural y su estilo \u00fanico\" class=\"wp-image-1211\" srcset=\"https:\/\/pelosnails.com\/wp-content\/uploads\/2025\/01\/PEINA850.jpg 850w, https:\/\/pelosnails.com\/wp-content\/uploads\/2025\/01\/PEINA850-300x200.jpg 300w, https:\/\/pelosnails.com\/wp-content\/uploads\/2025\/01\/PEINA850-768x511.jpg 768w, https:\/\/pelosnails.com\/wp-content\/uploads\/2025\/01\/PEINA850-380x254.jpg 380w\" sizes=\"auto, (max-width: 850px) 100vw, 850px\" \/><\/figure>\n<\/figure>\n\n\n\n<figure class=\"wp-block-gallery has-nested-images columns-default is-cropped wp-block-gallery-5 is-layout-flex wp-block-gallery-is-layout-flex\">\n<figure class=\"wp-block-image size-large\"><img loading=\"lazy\" decoding=\"async\" width=\"1024\" height=\"682\" data-id=\"1209\" src=\"https:\/\/pelosnails.com\/wp-content\/uploads\/2025\/01\/KERATINA_1200_K-1024x682.jpg\" alt=\"Nuestra clienta luce espectacular despu\u00e9s de un tratamiento de keratina que dej\u00f3 su cabello suave, brillante y lleno de vida, acompa\u00f1ado de un peinado profesional que realza su belleza natural.  \u00a1T\u00fa tambi\u00e9n puedes disfrutar de este resultado de ensue\u00f1o! Reserva tu cita y atr\u00e9vete a deslumbrar.\" class=\"wp-image-1209\" srcset=\"https:\/\/pelosnails.com\/wp-content\/uploads\/2025\/01\/KERATINA_1200_K-1024x682.jpg 1024w, https:\/\/pelosnails.com\/wp-content\/uploads\/2025\/01\/KERATINA_1200_K-300x200.jpg 300w, https:\/\/pelosnails.com\/wp-content\/uploads\/2025\/01\/KERATINA_1200_K-768x512.jpg 768w, https:\/\/pelosnails.com\/wp-content\/uploads\/2025\/01\/KERATINA_1200_K-380x254.jpg 380w, https:\/\/pelosnails.com\/wp-content\/uploads\/2025\/01\/KERATINA_1200_K.jpg 1100w\" sizes=\"auto, (max-width: 1024px) 100vw, 1024px\" \/><\/figure>\n\n\n\n<figure class=\"wp-block-image size-large\"><img loading=\"lazy\" decoding=\"async\" width=\"640\" height=\"425\" data-id=\"144\" src=\"https:\/\/pelosnails.com\/wp-content\/uploads\/2018\/02\/Pelo-corto-para-mujeres.jpg\" alt=\"Un corte dise\u00f1ado para destacar su estilo y personalidad. Con l\u00edneas precisas y un acabado impecable, este look es la combinaci\u00f3n perfecta de elegancia y modernidad.\n\u00bfQuieres un cambio que te haga brillar? Conf\u00eda en nuestras manos expertas para lograr el look que siempre so\u00f1aste. Reserva tu cita y deja que tu belleza hable por s\u00ed sola.\" class=\"wp-image-144\" srcset=\"https:\/\/pelosnails.com\/wp-content\/uploads\/2018\/02\/Pelo-corto-para-mujeres.jpg 640w, https:\/\/pelosnails.com\/wp-content\/uploads\/2018\/02\/Pelo-corto-para-mujeres-300x199.jpg 300w\" sizes=\"auto, (max-width: 640px) 100vw, 640px\" \/><\/figure>\n\n\n\n<figure class=\"wp-block-image size-large\"><img loading=\"lazy\" decoding=\"async\" width=\"1024\" height=\"634\" data-id=\"262\" src=\"https:\/\/pelosnails.com\/wp-content\/uploads\/2018\/02\/estetica1-1024x634.jpg\" alt=\"Mujer elegante con labios y ojos deslumbrantes en Pelos&amp;Nails, donde la belleza y el cuidado se unen para realzar tu estilo.\" class=\"wp-image-262\" srcset=\"https:\/\/pelosnails.com\/wp-content\/uploads\/2018\/02\/estetica1-1024x634.jpg 1024w, https:\/\/pelosnails.com\/wp-content\/uploads\/2018\/02\/estetica1-300x186.jpg 300w, https:\/\/pelosnails.com\/wp-content\/uploads\/2018\/02\/estetica1-768x475.jpg 768w, https:\/\/pelosnails.com\/wp-content\/uploads\/2018\/02\/estetica1.jpg 1170w\" sizes=\"auto, (max-width: 1024px) 100vw, 1024px\" \/><\/figure>\n\n\n\n<figure class=\"wp-block-image size-large\"><img loading=\"lazy\" decoding=\"async\" width=\"600\" height=\"400\" data-id=\"1019\" src=\"https:\/\/pelosnails.com\/wp-content\/uploads\/2025\/01\/pestanas600.jpg\" alt=\"Una mujer  recibiendo un tratamiento de pesta\u00f1as en el sal\u00f3n de belleza Pelos&amp;Nails, donde cuidamos cada detalle para realzar tu belleza.\" class=\"wp-image-1019\" srcset=\"https:\/\/pelosnails.com\/wp-content\/uploads\/2025\/01\/pestanas600.jpg 600w, https:\/\/pelosnails.com\/wp-content\/uploads\/2025\/01\/pestanas600-300x200.jpg 300w\" sizes=\"auto, (max-width: 600px) 100vw, 600px\" \/><\/figure>\n<\/figure>\n<\/div>\n\n\n\n<div class=\"wp-block-column is-layout-flow wp-block-column-is-layout-flow\" style=\"flex-basis:50%\">\n<p><strong>Tratamientos de Peluquer\u00eda.<\/strong><\/p>\n<p><span style=\"line-height: 1.679;\">En nuestro sal\u00f3n de belleza y est\u00e9tica, nos especializamos en ofrecer una amplia gama de tratamientos de peluquer\u00eda adaptados a tus necesidades y tipo de cabello. Utilizamos productos de las mejores marcas del mercado para garantizar que tu cabello reciba el cuidado que merece, logrando resultados excepcionales con cada visita.<\/span><\/p>\n<p><strong>Servicios destacados:<\/strong><\/p>\n<ul>\n<li><strong>Cortes de cabello personalizados<\/strong>: Nuestro equipo de estilistas te asesorar\u00e1 para encontrar el corte que mejor se adapte a tu estilo y forma de rostro.<\/li>\n<li><strong>Coloraci\u00f3n profesional<\/strong>: Ya sea que busques un cambio radical o un retoque, trabajamos con t\u00e9cnicas avanzadas para obtener un color vibrante y duradero, cuidando siempre la salud de tu cabello.<\/li>\n<li><strong>Alisado y tratamientos de hidrataci\u00f3n<\/strong>: Si tu cabello est\u00e1 seco, encrespado o da\u00f1ado, ofrecemos tratamientos intensivos de hidrataci\u00f3n y alisado para devolverle suavidad, brillo y vitalidad.<\/li>\n<li><strong>Peinados y recogidos<\/strong>: Perfectos para cualquier ocasi\u00f3n especial, desde peinados sencillos hasta recogidos elegantes, siempre con la atenci\u00f3n al detalle que te har\u00e1 sentir \u00fanica.<\/li>\n<li><strong>Peluquer\u00eda para caballeros<\/strong>: Cortes modernos, afeitados y cuidados capilares dise\u00f1ados espec\u00edficamente para hombres que buscan un look impecable.<\/li>\n<\/ul>\n<p style=\"text-align: justify;\"><span style=\"line-height: 1.679;\">Cada tratamiento est\u00e1 dise\u00f1ado para proporcionarte una experiencia de relajaci\u00f3n total, mientras cuidamos de la salud y belleza de tu cabello. Te invitamos a visitarnos y disfrutar de una atenci\u00f3n personalizada en un ambiente c\u00f3modo y profesional.<\/span><\/p>\n<\/div>\n<\/div>\n\n\n\n<hr class=\"wp-block-separator has-alpha-channel-opacity wp_mar5\"\/>\n","protected":false},"excerpt":{"rendered":"<p>Pelos&amp;Nails en Monforte de Lemos te ofrece una amplia gama de servicios de belleza pensados para satisfacer todas tus necesidades y cuidar de tu imagen con lo \u00faltimo en tendencias y tratamientos. Nuestro objetivo es brindarte una experiencia \u00fanica y personalizada, con un equipo de expertos en est\u00e9tica que te ayudar\u00e1 a realzar tu belleza&hellip;<\/p>\n<p class=\"more-link\"><a href=\"https:\/\/pelosnails.com\/index.php\/servicios\/\" class=\"themebutton2\">Leer m\u00e1s<\/a><\/p>\n","protected":false},"author":1,"featured_media":0,"parent":0,"menu_order":0,"comment_status":"closed","ping_status":"closed","template":"","meta":{"_uag_custom_page_level_css":"","advgb_blocks_editor_width":"","advgb_blocks_columns_visual_guide":"","footnotes":""},"class_list":["post-811","page","type-page","status-publish","hentry"],"uagb_featured_image_src":{"full":false,"thumbnail":false,"medium":false,"medium_large":false,"large":false,"1536x1536":false,"2048x2048":false,"consulting-thinkup-column1-1\/4":false,"consulting-thinkup-column3-2\/3":false},"uagb_author_info":{"display_name":"pelosnails","author_link":"https:\/\/pelosnails.com\/index.php\/author\/pelosnails\/"},"uagb_comment_info":0,"uagb_excerpt":"Pelos&amp;Nails en Monforte de Lemos te ofrece una amplia gama de servicios de belleza pensados para satisfacer todas tus necesidades y cuidar de tu imagen con lo \u00faltimo en tendencias y tratamientos. Nuestro objetivo es brindarte una experiencia \u00fanica y personalizada, con un equipo de expertos en est\u00e9tica que te ayudar\u00e1 a realzar tu belleza&hellip;Leer&hellip;","coauthors":[],"author_meta":{"author_link":"https:\/\/pelosnails.com\/index.php\/author\/pelosnails\/","display_name":"pelosnails"},"relative_dates":{"created":"Publicado 1 a\u00f1o hace","modified":"Actualizado 1 a\u00f1o hace"},"absolute_dates":{"created":"Publicado el 7 enero, 2025","modified":"Actualizado el 20 enero, 2025"},"absolute_dates_time":{"created":"Publicado el 7 enero, 2025 6:44 pm","modified":"Actualizado el 20 enero, 2025 5:08 pm"},"featured_img_caption":"","featured_img":false,"series_order":"","_links":{"self":[{"href":"https:\/\/pelosnails.com\/index.php\/wp-json\/wp\/v2\/pages\/811","targetHints":{"allow":["GET"]}}],"collection":[{"href":"https:\/\/pelosnails.com\/index.php\/wp-json\/wp\/v2\/pages"}],"about":[{"href":"https:\/\/pelosnails.com\/index.php\/wp-json\/wp\/v2\/types\/page"}],"author":[{"embeddable":true,"href":"https:\/\/pelosnails.com\/index.php\/wp-json\/wp\/v2\/users\/1"}],"replies":[{"embeddable":true,"href":"https:\/\/pelosnails.com\/index.php\/wp-json\/wp\/v2\/comments?post=811"}],"version-history":[{"count":104,"href":"https:\/\/pelosnails.com\/index.php\/wp-json\/wp\/v2\/pages\/811\/revisions"}],"predecessor-version":[{"id":2370,"href":"https:\/\/pelosnails.com\/index.php\/wp-json\/wp\/v2\/pages\/811\/revisions\/2370"}],"wp:attachment":[{"href":"https:\/\/pelosnails.com\/index.php\/wp-json\/wp\/v2\/media?parent=811"}],"curies":[{"name":"wp","href":"https:\/\/api.w.org\/{rel}","templated":true}]}}